(5/p)/(2/(-4)). Suppose 2*n + 42 = r*m, 0 = n + 1. What is the units digit of m?
8
Let m = 108 - 70. What is the units digit of m?
8
Let t(a) = 4*a + 10. Let k(j) = 7*j + 19. Let m(d) = 3*k(d) - 5*t(d). What is the units digit of m(-3)?
4
Suppose 132 = 4*k - 3*w, 2*w + w = -k + 48. Suppose -11 = -5*q - 1. Suppose q*z + k = 4*z. What is the tens digit of z?
1
Suppose 3*p = 2*p + 22. Suppose w = -r + 4*w + p, -3*r - 3*w = -54. What is the tens digit of r?
1
Suppose 7*z + 205 = 12*z. What is the tens digit of z?
4
Let c(m) be the second derivative of -m**5/20 + 5*m**4/4 + m**3/3 - 13*m**2/2 + 3*m. What is the tens digit of c(15)?
1
Suppose m - 466 = -3*c, -2*c + 3*m - 154 + 483 = 0. What is the hundreds digit of c?
1
What is the units digit of (-960)/(-44) + (-4)/22*-1?
2
Let v = 2 - -5. Suppose 0 = -4*w - v + 43. What is the units digit of ((-6)/w)/((-4)/114)?
9
Suppose 0 = -3*f + 12, 4*a + a - f = 11. What is the units digit of a?
3
Suppose -y + 12 = 4*w, -2 + 8 = -y + 5*w. What is the units digit of y?
4
Let u = 1 - -3. Let z(p) = -2*p**2 - 5*p - 3. Let t be z(-3). Let x = u - t. What is the tens digit of x?
1
Let d(m) = -14*m + 6. What is the units digit of d(-5)?
6
Let r be 6/3 + 2/1. Let k = 4 - r. Let y(m) = -m**2 - m + 2. What is the units digit of y(k)?
2
Let r be 3/(4/1 - 3). Suppose -r*v + 6 = 3*q - 6, 4*q + v = 19. What is the units digit of q?
5
Suppose 3 = r + 5. What is the tens digit of (-11 - -3)/(r/4)?
1
Suppose -4*u = -8*u + 604. Suppose 3*x - 33 = -f + 5*x, 5*f + 4*x = u. What is the units digit of f?
1
Suppose -3*q = -15 - 3. What is the units digit of q?
6
Let q = 2 - -1. Let c be (2 + -2)*q/(-3). Suppose c*s = -2*s + 20. What is the tens digit of s?
1
Let q(v) = v + 3. Suppose -5*t = u + 5, 2*u - 2 - 8 = 0. What is the units digit of q(t)?
1
Let l(r) = -r**2 - 10*r + 4. What is the units digit of l(-5)?
9
Let f(l) = l**2 - 8*l - 6. What is the units digit of f(12)?
2
Suppose -66 = -5*d - 3*n, -5*d - 4*n + 65 - 2 = 0. Suppose -d = 2*m - 7*m. What is the units digit of m?
3
Let h = -11 - -7. Let g(s) = -2*s + 2. What is the tens digit of g(h)?
1
Let p = 18 - 25. Let m(r) = r**2 + r - 9. What is the units digit of m(p)?
3
Suppose 143 + 5 = 4*n. What is the tens digit of n?
3
What is the units digit of (91/2 + -2)*(-2 + 4)?
7
Let q be (-56)/(-12) - (-3)/9. Suppose 0 = -4*a - 2*l + 102, -q*a - 5*l = -58 - 82. What is the units digit of a?
3
What is the tens digit of (-77)/(-3) - 2/3?
2
Suppose -2*d - 25 - 53 = -2*n, -68 = -2*n - 3*d. What is the units digit of n?
7
Let d(u) = -u + 2. Let o be d(-6). Suppose -4*l + o = 0, 5*y - 45 = -3*l - 14. What is the units digit of y?
5
Suppose 3*c + n = 22, 0 = 3*c - c + 3*n - 17. Suppose -c*g = -2*g. Suppose 5*z - 40 = -g*z. What is the units digit of z?
8
What is the units digit of 2/6 - 11/(-3)?
4
Let l(x) = -x**3 - 6*x**2 - 4*x + 13. What is the units digit of l(-5)?
8
Let o(x) = 2*x - x**2 + 23*x**3 + x**2 - 5*x**2 - 1 + 3*x**2. What is the tens digit of o(1)?
2
Suppose 15 = -8*n + 3*n. What is the units digit of n/(-6) - 19/(-2)?
0
Let x be 20/6*(-12)/5. Let q = 13 + x. What is the units digit of q?
5
What is the tens digit of ((-54)/(-4))/((-4)/(-16))?
5
Let h(m) = 26*m**2 + 14*m + 1. What is the tens digit of h(-3)?
9
Suppose 0 = -3*o + 5 + 106. What is the units digit of o?
7
Suppose -8*f + 5*f = -30. What is the units digit of f?
0
Let t be 72/(-7) + 4/14. Let q = -23 - -43. Let o = t + q. What is the units digit of o?
0
Let j(i) = i - 4. Let x be j(6). Suppose x*z = -0*z + 28. What is the units digit of z?
4
Let u(m) be the second derivative of -m**3/6 + 11*m**2/2 + 6*m. What is the units digit of u(10)?
1
Let o(f) = f**3 - 11*f**2 + 10*f + 11. What is the tens digit of o(10)?
1
Suppose 85 = 4*h - 187. What is the units digit of h?
8
Let c = 123 - 35. What is the units digit of c?
8
Suppose 18*k - 24 = 22*k. Let s = 15 + k. What is the units digit of s?
9
Let m(b) = b. Let z be (-2)/5*(1 - 6). What is the units digit of m(z)?
2
Let v(h) = 2*h - 2. What is the tens digit of v(9)?
1
Suppose -u - v + 3*v + 13 = 0, 0 = -4*u + 2*v + 22. Suppose -2*z = j - 18, 3*j - u*z = -4*z + 39. What is the tens digit of j?
1
Suppose -b + 14 = -2*g + 5*g, 0 = 5*b + g - 98. What is the tens digit of b?
2
Let z(u) = u + 13. Let j be 12/18 + 20/(-3). What is the units digit of z(j)?
7
Suppose 4 = v - 1. Let d = -1 + v. What is the units digit of d?
4
Suppose 4*d - 362 = -5*m - 126, 2*m = 0. What is the units digit of d?
9
Let l(s) = 28*s**2 + s - 1. Let d be l(1). Suppose d = 4*g + 2*k + 2*k, 4*g - 28 = 3*k. What is the units digit of g?
7
Suppose -72 = -3*f - 4*x, f + f = -5*x + 48. What is the units digit of 450/f - 2/(-8)?
9
Suppose -3*v + 504 = -3*b, 5*b + 204 = 2*v - 126. What is the tens digit of v?
7
Let s(y) = -y**3 - 7*y**2 - 5*y + 7. Let a = -20 - -14. What is the units digit of s(a)?
1
Let j = 27 + -38. Let o = -1 - j. What is the tens digit of o?
1
Let w(n) = -n**2 + 3*n. Let i be w(4). Let m(v) = -v**3 - v**2 + v - 1. Let p be m(0). What is the units digit of 4/(-3)*(i - p)?
4
Let z(q) = -q**3 - 4*q**2 - 1. What is the tens digit of z(-6)?
7
Suppose 32 = -2*u + 5*p, p + 2 = u - 2*u. Let z = u + 10. What is the units digit of z?
4
Suppose 2 = -4*o + 34. Suppose -3*l + x + 12 = -o, -5*x + 52 = 4*l. Let a = l + 0. What is the units digit of a?
8
Let t(w) = w**2 - 8*w + 13. Let s be t(7). Suppose -f = -s*f + 145. What is the units digit of f?
9
Suppose 180 = 28*r - 25*r. What is the units digit of r?
0
Suppose -4*z + z + 25 = -2*v, 0 = 5*z - 25. Let a = 8 + v. Suppose 2*g + 4 = q - 3, 3*q - 3 = -a*g. What is the units digit of q?
3
Let j = 27 + -21. What is the units digit of j?
6
What is the units digit of (345/25 - 0) + 2/10?
4
Let y(w) = -25*w**3 - w**2 - 2*w - 1. Let i be y(-1). Let q = -16 + i. Suppose 0*f = 3*f - q. What is the units digit of f?
3
Let o be (2 - (1 - 1))/1. Let l be 3/o*(-8)/(-6). Suppose l*m = 2*d - 14, 3*d + 3*m - 36 = -3. What is the units digit of d?
9
Let h = -43 - -47. What is the units digit of h?
4
What is the tens digit of 1*(-57)/(-3) - 3?
1
Let v = 26 - -37. What is the units digit of v?
3
Let k(d) = 2*d + 11. Suppose 3*u + 17 = -0*u - p, u - 5*p - 5 = 0. What is the units digit of k(u)?
1
Suppose -a + 7 = 8. What is the tens digit of (a - -42) + -3 - -1?
3
Let i(c) = -c + 9. Let j be i(7). Suppose -h + j*d = 5*d - 27, -2*h + d = -54. What is the tens digit of h?
2
Let x(t) = 9*t**2 - t. Let m(w) = -w**2 - 7*w + 7. Let a be m(-8). What is the units digit of x(a)?
0
Let g(k) = k**2 + 6*k - 18. What is the units digit of g(-14)?
4
Let n(p) = -p**3 - p**2 + 3*p - 4. Suppose 3 = -f - 0*f. Let o be n(f). Let l(m) = m**2 - 2*m - 2. What is the units digit of l(o)?
3
Let h(p) = -p - 1. Let m(n) = n**3 - 5*n**2 + 6*n + 4. Let l(w) = 2*h(w) + m(w). What is the units digit of l(4)?
2
Let t = 13 + -9. Suppose 10 = -t*d - 2. What is the units digit of 1 + (-2 - d) - -1?
3
Let p be (-2)/((-6)/(-3) + -3). Suppose -5*d = -x - 58 - 108, -p*x - 26 = -d. What is the units digit of d?
4
Suppose a - 3 = 112. What is the tens digit of a?
1
Let k(u) = u**2 + 9*u + 8. Let d be k(-8). Let n = -4 + 6. Suppose d*g + n*g = 20. What is the tens digit of g?
1
Let d = -3 + 5. Suppose 0 = d*i - 234 - 118. What is the units digit of (-6)/(-27) + i/18?
0
Suppose -5*v = -3*j - 525, -5*v - 2*j = -9*v + 420. What is the tens digit of v?
0
Let j(z) = -z**2 - 29*z - 28. What is the hundreds digit of j(-16)?
1
Let a(p) = p. Let g(q) = -2*q. Let m(l) = -21*a(l) - 6*g(l). Let d be m(1). What is the units digit of 4/(-3)*d/6?
2
Let t be (-8)/6*114/(-4). Suppose -t - 42 = -4*j. Suppose 3*l - i - i - j = 0, 10 = 5*i. What is the units digit of l?
8
Let z = 5 - 7. Let c(r) = -r**2 + 5*r - 2. Let i be c(4). What is the tens digit of z + 2 + 34/i?
1
Let q = 8 - 6. Suppose 0 = o - 0 - q. What is the units digit of (-3 + o)/(1/(-2))?
2
Let b(z) = -z**3 - 6*z**2 + 4*z - 6. Suppose 0 = 5*l + 5*u + 25, 3*u = -5*l + 4*u - 37. What is the tens digit of b(l)?
1
Let d = 236 - 123. What is the units digit of d?
3
Suppose 5*q - 145 = -0*q. What is the tens digit of q?
2
Suppose 4*j - 25 = -j. Suppose 2*u = j*u - 48. What is the units digit of u?
6
Let k = -3 + 3. Suppose 0*m + 2*m + 6 = k. What is the units digi